{"id":11635,"date":"2018-07-25T10:12:17","date_gmt":"2018-07-25T08:12:17","guid":{"rendered":"http:\/\/www.altercampagne.net\/?page_id=11635"},"modified":"2019-01-08T11:47:03","modified_gmt":"2019-01-08T10:47:03","slug":"photo-2018","status":"publish","type":"page","link":"https:\/\/www.altercampagne.net\/?page_id=11635","title":{"rendered":"Photos 2018"},"content":{"rendered":"<p>Les photos nous ont \u00e9t\u00e9 envoy\u00e9es par les Altercyclistes au fil de l&rsquo;AlterTour.\u00a0Si vous souhaitez contribuer au partage de vos photos, vous pouvez les envoyer via le service\u00a0<a href=\"https:\/\/framadrop.org\/\">https:\/\/framadrop.org\/<\/a>ou\u00a0<a href=\"https:\/\/www.wetransfer.com\/\">https:\/\/www.wetransfer.com\/<\/a>\u00a0\u00e0 l&rsquo;adresse :\u00a0coordination@altertour.net<\/p>\n<h5>\u00c9dition 2018<\/h5>\n<p><a href=\"https:\/\/photos.app.goo.gl\/awnnwK1XdZAUHWyx7\" target=\"_blank\" rel=\"noopener\">Du 15 juillet au 24 ao\u00fbt &#8211; d&rsquo;Amiens \u00e0 Strasbourg<\/a> &#8211; Mathieu<\/p>\n<p><a href=\"https:\/\/photos.app.goo.gl\/yg6j5Tt4stM4GZv48\" target=\"_blank\" rel=\"noopener\">Du 16 au 20 juillet &#8211; de Amiens \u00e0 Chaussy<\/a>\u00a0&#8211; Lucie<\/p>\n<p><a href=\"https:\/\/photos.app.goo.gl\/JGgXftucAgMDMh1s5\" target=\"_blank\" rel=\"noopener\">Du 21 au 27 juillet &#8211; de Magny les Hameaux \u00e0 Meaux<\/a>\u00a0&#8211; Guillaume G<\/p>\n<p><a href=\"https:\/\/photos.app.goo.gl\/mVMdo98Pvu2aMk6Y7\" target=\"_blank\" rel=\"noopener\">Le 24 juillet \u00e0 Villetaneuse<\/a> &#8211; Subrata<\/p>\n<p><a href=\"https:\/\/photos.app.goo.gl\/1JuYGXuActuoQDjAA\" target=\"_blank\" rel=\"noopener\">Du 24 au 25 juillet &#8211; de Montreuil \u00e0 Villetaneuse<\/a> &#8211; <strong>Julie Subiry<\/strong>, <a href=\"https:\/\/juliesubiry.format.com\" target=\"_blank\" rel=\"noopener\">photographe<\/a><\/p>\n<p><a href=\"https:\/\/photos.app.goo.gl\/eZebg7dkvKNcFMKf8\" target=\"_blank\" rel=\"noopener\">Du 25 au 31 juillet &#8211; de Villetaneuse \u00e0 Maisons-en-Champagne<\/a> &#8211; Lucille<\/p>\n<p><a href=\"https:\/\/photos.app.goo.gl\/4ysZT5KHehZ39wac7\" target=\"_blank\" rel=\"noopener\">Du 30 juillet au 7 ao\u00fbt &#8211; de Haussimont \u00e0 Moutrot<\/a> &#8211; Dominique<\/p>\n<p><a href=\"https:\/\/photos.app.goo.gl\/PJAoNYgGRn9puA6j8\" target=\"_blank\" rel=\"noopener\">Du 1er au 5 ao\u00fbt &#8211; de Maisons-en-Champagne \u00e0 Bure<\/a> &#8211; Julie<\/p>\n<p><a href=\"https:\/\/photos.app.goo.gl\/HanMQ3ZvRtXEqCCd9\" target=\"_blank\" rel=\"noopener\">Du 5 au 9 ao\u00fbt &#8211; de Bure \u00e0 Nancy<\/a> &#8211; M\u00e9lanie<\/p>\n<p><a href=\"https:\/\/photos.app.goo.gl\/fztgebED2HSHUH5f7\" target=\"_blank\" rel=\"noopener\">Du 9 au 19 ao\u00fbt &#8211; de Nancy \u00e0 Ungersheim<\/a> &#8211; Liliane<\/p>\n<p><a href=\"https:\/\/photos.app.goo.gl\/LKCKzF34g7Tm5Qvx7\" target=\"_blank\" rel=\"noopener\">Du 10 ao\u00fbt &#8211; A Einvaux<\/a> &#8211; Maxime<\/p>\n<p><a href=\"https:\/\/photos.app.goo.gl\/RGbddXRSQ9g2UHe99\" target=\"_blank\" rel=\"noopener\">Du 11 au 26 ao\u00fbt &#8211; de Einvaux \u00e0 Kolbsheim<\/a> &#8211; C\u00e9line M<\/p>\n<p><a href=\"https:\/\/photos.app.goo.gl\/DgJAjhg7vnAymDKn6\" target=\"_blank\" rel=\"noopener\">Du 13 au 18 ao\u00fbt &#8211; De Saint-Di\u00e9-des-Vosges \u00e0 Kingersheim<\/a> &#8211; Fran\u00e7ois B<\/p>\n<p><a href=\"https:\/\/photos.app.goo.gl\/azZVDGfLX8QDoSKq7\" target=\"_blank\" rel=\"noopener\">Du 15 au 21 ao\u00fbt &#8211; de Orbey \u00e0 Katzenthal<\/a> &#8211; Fran\u00e7ois<\/p>\n<p><a href=\"https:\/\/photos.app.goo.gl\/A6i4gYJpkxSbzMVn6\" target=\"_blank\" rel=\"noopener\">Du 17 au 23 ao\u00fbt &#8211; de Manspach \u00e0 Strasbourg<\/a> &#8211; Sophie<\/p>\n<p><a href=\"https:\/\/photos.app.goo.gl\/5hMXybUcRUYHxaLN9\" target=\"_blank\" rel=\"noopener\">Du 17 au 26 ao\u00fbt &#8211; de Manspach \u00e0 Kolbsheim<\/a> &#8211; Virginie<\/p>\n<p><a href=\"https:\/\/photos.app.goo.gl\/yS3FGHW7uFidQHDn7\" target=\"_blank\" rel=\"noopener\">Le 18 ao\u00fbt \u00e0 Kingersheim<\/a> &#8211; Commune de Kingersheim<\/p>\n<p><a href=\"https:\/\/photos.app.goo.gl\/ckNz5zi7u9QqmAZV6\" target=\"_blank\" rel=\"noopener\">Du 18 au 22 ao\u00fbt &#8211; de Kingersheim \u00e0 Muttersholtz<\/a> &#8211; Joseph<\/p>\n<h5>\u00c9chapp\u00e9e belle normande<\/h5>\n<p><a href=\"https:\/\/photos.app.goo.gl\/3vNxAoLqa1TftvbDA\" target=\"_blank\" rel=\"noopener\">Du 13 au 26 juillet &#8211; De Cherbourg \u00e0 Gonesse<\/a> &#8211; Genevi\u00e8ve<\/p>\n<h5>\u00c9chapp\u00e9e belle vosgienne<\/h5>\n<p><a href=\"https:\/\/photos.app.goo.gl\/wK4d8KiCNhN12eea6\" target=\"_blank\" rel=\"noopener\">Du 14 au 18 ao\u00fbt &#8211; De Saint-Di\u00e9-des-Vosges \u00e0 Kingersheim<\/a> &#8211; Pedro<\/p>\n<h5>\u00c9chapp\u00e9e belle allemande<\/h5>\n<p><a href=\"https:\/\/photos.app.goo.gl\/6vbs4PqwHXq9roLFA\" target=\"_blank\" rel=\"noopener\">Du 21 au 26 ao\u00fbt &#8211; De Ungersheim \u00e0 Kolbsheim<\/a> &#8211; Pedro<\/p>\n<p>&nbsp;<\/p>\n<h5>Marche pour le climat<\/h5>\n<p><a href=\"https:\/\/photos.app.goo.gl\/ZgXq2bdijJEwV5SG9\" target=\"_blank\" rel=\"noopener\">08 septembre 2018- Paris<\/a>\u00a0 &#8211; Ma\u00eblle &amp; Julie<\/p>\n","protected":false},"excerpt":{"rendered":"<p>Les photos nous ont \u00e9t\u00e9 envoy\u00e9es par les Altercyclistes au fil de l&rsquo;AlterTour.\u00a0Si vous souhaitez contribuer au partage de vos photos, vous pouvez les envoyer via le service\u00a0https:\/\/framadrop.org\/ou\u00a0https:\/\/www.wetransfer.com\/\u00a0\u00e0 l&rsquo;adresse :\u00a0coordination@altertour.net \u00c9dition 2018 Du 15 juillet au 24 ao\u00fbt &#8211; d&rsquo;Amiens \u00e0 Strasbourg &#8211; Mathieu Du 16 au 20 juillet &#8211; &#8230; <\/p>\n<div><a href=\"https:\/\/www.altercampagne.net\/?page_id=11635\" class=\"more-link\">Read More<\/a><\/div>\n","protected":false},"author":192,"featured_media":0,"parent":0,"menu_order":1,"comment_status":"closed","ping_status":"closed","template":"","meta":{"footnotes":""},"class_list":["post-11635","page","type-page","status-publish","hentry","no-post-thumbnail"],"yoast_head":"<!-- This site is optimized with the Yoast SEO plugin v27.3 - https:\/\/yoast.com\/product\/yoast-seo-wordpress\/ -->\n<title>Photos 2018 - AlterTour<\/title>\n<meta name=\"robots\" content=\"index, follow, max-snippet:-1, max-image-preview:large, max-video-preview:-1\" \/>\n<link rel=\"canonical\" href=\"https:\/\/www.altercampagne.net\/?page_id=11635\" \/>\n<meta property=\"og:locale\" content=\"fr_FR\" \/>\n<meta property=\"og:type\" content=\"article\" \/>\n<meta property=\"og:title\" content=\"Photos 2018 - AlterTour\" \/>\n<meta property=\"og:description\" content=\"Les photos nous ont \u00e9t\u00e9 envoy\u00e9es par les Altercyclistes au fil de l&rsquo;AlterTour.\u00a0Si vous souhaitez contribuer au partage de vos photos, vous pouvez les envoyer via le service\u00a0https:\/\/framadrop.org\/ou\u00a0https:\/\/www.wetransfer.com\/\u00a0\u00e0 l&rsquo;adresse :\u00a0coordination@altertour.net \u00c9dition 2018 Du 15 juillet au 24 ao\u00fbt &#8211; d&rsquo;Amiens \u00e0 Strasbourg &#8211; Mathieu Du 16 au 20 juillet &#8211; ... Read More\" \/>\n<meta property=\"og:url\" content=\"https:\/\/www.altercampagne.net\/?page_id=11635\" \/>\n<meta property=\"og:site_name\" content=\"AlterTour\" \/>\n<meta property=\"article:modified_time\" content=\"2019-01-08T10:47:03+00:00\" \/>\n<meta name=\"twitter:card\" content=\"summary_large_image\" \/>\n<meta name=\"twitter:label1\" content=\"Dur\u00e9e de lecture estim\u00e9e\" \/>\n\t<meta name=\"twitter:data1\" content=\"1 minute\" \/>\n<script type=\"application\/ld+json\" class=\"yoast-schema-graph\">{\"@context\":\"https:\\\/\\\/schema.org\",\"@graph\":[{\"@type\":\"WebPage\",\"@id\":\"https:\\\/\\\/www.altercampagne.net\\\/?page_id=11635\",\"url\":\"https:\\\/\\\/www.altercampagne.net\\\/?page_id=11635\",\"name\":\"Photos 2018 - AlterTour\",\"isPartOf\":{\"@id\":\"https:\\\/\\\/www.altercampagne.net\\\/#website\"},\"datePublished\":\"2018-07-25T08:12:17+00:00\",\"dateModified\":\"2019-01-08T10:47:03+00:00\",\"breadcrumb\":{\"@id\":\"https:\\\/\\\/www.altercampagne.net\\\/?page_id=11635#breadcrumb\"},\"inLanguage\":\"fr-FR\",\"potentialAction\":[{\"@type\":\"ReadAction\",\"target\":[\"https:\\\/\\\/www.altercampagne.net\\\/?page_id=11635\"]}]},{\"@type\":\"BreadcrumbList\",\"@id\":\"https:\\\/\\\/www.altercampagne.net\\\/?page_id=11635#breadcrumb\",\"itemListElement\":[{\"@type\":\"ListItem\",\"position\":1,\"name\":\"Accueil\",\"item\":\"https:\\\/\\\/www.altercampagne.net\\\/\"},{\"@type\":\"ListItem\",\"position\":2,\"name\":\"Photos 2018\"}]},{\"@type\":\"WebSite\",\"@id\":\"https:\\\/\\\/www.altercampagne.net\\\/#website\",\"url\":\"https:\\\/\\\/www.altercampagne.net\\\/\",\"name\":\"AlterTour\",\"description\":\"Reliez les Alternatives \u00e0 v\u00e9lo\",\"potentialAction\":[{\"@type\":\"SearchAction\",\"target\":{\"@type\":\"EntryPoint\",\"urlTemplate\":\"https:\\\/\\\/www.altercampagne.net\\\/?s={search_term_string}\"},\"query-input\":{\"@type\":\"PropertyValueSpecification\",\"valueRequired\":true,\"valueName\":\"search_term_string\"}}],\"inLanguage\":\"fr-FR\"}]}<\/script>\n<!-- \/ Yoast SEO plugin. -->","yoast_head_json":{"title":"Photos 2018 - AlterTour","robots":{"index":"index","follow":"follow","max-snippet":"max-snippet:-1","max-image-preview":"max-image-preview:large","max-video-preview":"max-video-preview:-1"},"canonical":"https:\/\/www.altercampagne.net\/?page_id=11635","og_locale":"fr_FR","og_type":"article","og_title":"Photos 2018 - AlterTour","og_description":"Les photos nous ont \u00e9t\u00e9 envoy\u00e9es par les Altercyclistes au fil de l&rsquo;AlterTour.\u00a0Si vous souhaitez contribuer au partage de vos photos, vous pouvez les envoyer via le service\u00a0https:\/\/framadrop.org\/ou\u00a0https:\/\/www.wetransfer.com\/\u00a0\u00e0 l&rsquo;adresse :\u00a0coordination@altertour.net \u00c9dition 2018 Du 15 juillet au 24 ao\u00fbt &#8211; d&rsquo;Amiens \u00e0 Strasbourg &#8211; Mathieu Du 16 au 20 juillet &#8211; ... Read More","og_url":"https:\/\/www.altercampagne.net\/?page_id=11635","og_site_name":"AlterTour","article_modified_time":"2019-01-08T10:47:03+00:00","twitter_card":"summary_large_image","twitter_misc":{"Dur\u00e9e de lecture estim\u00e9e":"1 minute"},"schema":{"@context":"https:\/\/schema.org","@graph":[{"@type":"WebPage","@id":"https:\/\/www.altercampagne.net\/?page_id=11635","url":"https:\/\/www.altercampagne.net\/?page_id=11635","name":"Photos 2018 - AlterTour","isPartOf":{"@id":"https:\/\/www.altercampagne.net\/#website"},"datePublished":"2018-07-25T08:12:17+00:00","dateModified":"2019-01-08T10:47:03+00:00","breadcrumb":{"@id":"https:\/\/www.altercampagne.net\/?page_id=11635#breadcrumb"},"inLanguage":"fr-FR","potentialAction":[{"@type":"ReadAction","target":["https:\/\/www.altercampagne.net\/?page_id=11635"]}]},{"@type":"BreadcrumbList","@id":"https:\/\/www.altercampagne.net\/?page_id=11635#breadcrumb","itemListElement":[{"@type":"ListItem","position":1,"name":"Accueil","item":"https:\/\/www.altercampagne.net\/"},{"@type":"ListItem","position":2,"name":"Photos 2018"}]},{"@type":"WebSite","@id":"https:\/\/www.altercampagne.net\/#website","url":"https:\/\/www.altercampagne.net\/","name":"AlterTour","description":"Reliez les Alternatives \u00e0 v\u00e9lo","potentialAction":[{"@type":"SearchAction","target":{"@type":"EntryPoint","urlTemplate":"https:\/\/www.altercampagne.net\/?s={search_term_string}"},"query-input":{"@type":"PropertyValueSpecification","valueRequired":true,"valueName":"search_term_string"}}],"inLanguage":"fr-FR"}]}},"_links":{"self":[{"href":"https:\/\/www.altercampagne.net\/index.php?rest_route=\/wp\/v2\/pages\/11635","targetHints":{"allow":["GET"]}}],"collection":[{"href":"https:\/\/www.altercampagne.net\/index.php?rest_route=\/wp\/v2\/pages"}],"about":[{"href":"https:\/\/www.altercampagne.net\/index.php?rest_route=\/wp\/v2\/types\/page"}],"author":[{"embeddable":true,"href":"https:\/\/www.altercampagne.net\/index.php?rest_route=\/wp\/v2\/users\/192"}],"replies":[{"embeddable":true,"href":"https:\/\/www.altercampagne.net\/index.php?rest_route=%2Fwp%2Fv2%2Fcomments&post=11635"}],"version-history":[{"count":0,"href":"https:\/\/www.altercampagne.net\/index.php?rest_route=\/wp\/v2\/pages\/11635\/revisions"}],"wp:attachment":[{"href":"https:\/\/www.altercampagne.net\/index.php?rest_route=%2Fwp%2Fv2%2Fmedia&parent=11635"}],"curies":[{"name":"wp","href":"https:\/\/api.w.org\/{rel}","templated":true}]}}