{"id":13622,"date":"2019-04-25T23:20:05","date_gmt":"2019-04-25T21:20:05","guid":{"rendered":"http:\/\/www.altercampagne.net\/?page_id=13622"},"modified":"2025-05-02T20:00:47","modified_gmt":"2025-05-02T18:00:47","slug":"je-mengage","status":"publish","type":"page","link":"https:\/\/www.altercampagne.net\/?page_id=13622","title":{"rendered":"Je m&rsquo;engage"},"content":{"rendered":"<div id=\"cs-content\" class=\"cs-content\"><div id=\"x-section-1\" class=\"x-section bg-image\" style=\"margin: 0px;padding: 280px 0px; background-image: url(http:\/\/www.altercampagne.net\/wp-content\/uploads\/2018\/03\/altertour-engager.jpg); background-color: transparent;\" data-x-element=\"section\" data-x-params=\"{&quot;type&quot;:&quot;image&quot;,&quot;parallax&quot;:false}\"><div id=\"\" class=\"x-container max width\" style=\"margin: 0px auto;padding: 0px;\" ><div  class=\"x-column x-sm x-1-1\" style=\"padding: 0px;\" >&nbsp;<\/div><\/div><\/div><div id=\"x-section-2\" class=\"x-section bg-image\" style=\"margin: 0px;padding: 45px 0px; background-image: url(http:\/\/www.altercampagne.net\/wp-content\/uploads\/2018\/02\/bg-altertour-copie.jpg); background-color: hsl(0, 0%, 100%);\" data-x-element=\"section\" data-x-params=\"{&quot;type&quot;:&quot;image&quot;,&quot;parallax&quot;:false}\"><div id=\"\" class=\"x-container max width\" style=\"margin: -190px auto 0px;padding: 0px;\" ><div id=\"bloque-texte\" class=\"x-column x-sm x-1-1\" style=\"padding: 0 5% 5%; background-color:hsla(0, 0%, 100%, 0.92);\" ><div id=\"\" class=\"x-text\" style=\"\" ><h1 style=\"text-align: center;\">Je m&rsquo;engage<\/h1>\n<p style=\"margin-top: 1em;\">Envie de rejoindre l&rsquo;aventure ? Il existe bien des mani\u00e8res de t&rsquo;engager \u00e0 nos c\u00f4t\u00e9s !<\/p>\n<\/div><\/div><\/div><div id=\"\" class=\"x-container max width\" style=\"margin: 20px auto 0px;padding: 0px;\" ><div id=\"bloque-texte\" class=\"x-column x-sm x-1-1\" style=\"padding: 0 5% 5%; background-color:hsla(0, 0%, 100%, 0.92);\" ><div id=\"\" class=\"x-text\" style=\"\" ><h2>Je fais conna\u00eetre l&rsquo;AlterTour<\/h2>\n<h4>Pr\u00e8s de chez moi<\/h4>\n<p>Je participer \u00e0 faire connaitre l&rsquo;AlterTour, en imprimant l&rsquo;affiche et le Flyer :<\/p>\n<p><div id=\"attachment_28986\" style=\"width: 222px\" class=\"wp-caption aligncenter\"><a href=\"https:\/\/www.altercampagne.net\/wp-content\/uploads\/2025\/05\/AT24_Affiche_A3.pdf\"><img loading=\"lazy\" decoding=\"async\" aria-describedby=\"caption-attachment-28986\" src=\"https:\/\/www.altercampagne.net\/wp-content\/uploads\/2025\/05\/AT24_Affiche_A3_Bandeau-Blanc-212x300.png\" alt=\"\" width=\"212\" height=\"300\" class=\"wp-image-28986 size-medium\" srcset=\"https:\/\/www.altercampagne.net\/wp-content\/uploads\/2025\/05\/AT24_Affiche_A3_Bandeau-Blanc-212x300.png 212w, https:\/\/www.altercampagne.net\/wp-content\/uploads\/2025\/05\/AT24_Affiche_A3_Bandeau-Blanc-724x1024.png 724w, https:\/\/www.altercampagne.net\/wp-content\/uploads\/2025\/05\/AT24_Affiche_A3_Bandeau-Blanc-768x1086.png 768w, https:\/\/www.altercampagne.net\/wp-content\/uploads\/2025\/05\/AT24_Affiche_A3_Bandeau-Blanc-1086x1536.png 1086w, https:\/\/www.altercampagne.net\/wp-content\/uploads\/2025\/05\/AT24_Affiche_A3_Bandeau-Blanc-1448x2048.png 1448w, https:\/\/www.altercampagne.net\/wp-content\/uploads\/2025\/05\/AT24_Affiche_A3_Bandeau-Blanc-100x141.png 100w, https:\/\/www.altercampagne.net\/wp-content\/uploads\/2025\/05\/AT24_Affiche_A3_Bandeau-Blanc-862x1219.png 862w, https:\/\/www.altercampagne.net\/wp-content\/uploads\/2025\/05\/AT24_Affiche_A3_Bandeau-Blanc-1140x1612.png 1140w\" sizes=\"auto, (max-width: 212px) 100vw, 212px\" \/><\/a><p id=\"caption-attachment-28986\" class=\"wp-caption-text\">Affiche A3<\/p><\/div><br \/>\n<div id=\"attachment_28987\" style=\"width: 223px\" class=\"wp-caption aligncenter\"><a href=\"https:\/\/www.altercampagne.net\/wp-content\/uploads\/2025\/05\/AT24_Flyer_A6.pdf\"><img loading=\"lazy\" decoding=\"async\" aria-describedby=\"caption-attachment-28987\" src=\"https:\/\/www.altercampagne.net\/wp-content\/uploads\/2025\/05\/AT24_Flyer_A6-213x300.png\" alt=\"\" width=\"213\" height=\"300\" class=\"wp-image-28987 size-medium\" srcset=\"https:\/\/www.altercampagne.net\/wp-content\/uploads\/2025\/05\/AT24_Flyer_A6-213x300.png 213w, https:\/\/www.altercampagne.net\/wp-content\/uploads\/2025\/05\/AT24_Flyer_A6-727x1024.png 727w, https:\/\/www.altercampagne.net\/wp-content\/uploads\/2025\/05\/AT24_Flyer_A6-768x1082.png 768w, https:\/\/www.altercampagne.net\/wp-content\/uploads\/2025\/05\/AT24_Flyer_A6-100x141.png 100w, https:\/\/www.altercampagne.net\/wp-content\/uploads\/2025\/05\/AT24_Flyer_A6-862x1215.png 862w, https:\/\/www.altercampagne.net\/wp-content\/uploads\/2025\/05\/AT24_Flyer_A6.png 992w\" sizes=\"auto, (max-width: 213px) 100vw, 213px\" \/><\/a><p id=\"caption-attachment-28987\" class=\"wp-caption-text\">Flyer A6<\/p><\/div><\/p>\n<h4>Sur les r\u00e9seaux sociaux<\/h4>\n<p>Je m&rsquo;abonne \u00e0 la <strong><a href=\"https:\/\/www.facebook.com\/alter.tour\/\" target=\"_blank\" rel=\"noopener\">page Facebook\u00a0<\/a><\/strong><\/p>\n<\/div><\/div><\/div><div id=\"\" class=\"x-container max width\" style=\"margin: 20px auto 0px;padding: 0px;\" ><div id=\"bloque-texte\" class=\"x-column x-sm x-1-1\" style=\"padding: 0 5% 5%; background-color:hsla(0, 0%, 100%, 0.92);\" ><div id=\"\" class=\"x-text\" style=\"\" ><h3 id=\"sengager-organisation\">J\u2019adh\u00e8re \u00e0 l&rsquo;association<\/h3>\n<p>Si tu as particip\u00e9 \u00e0 la derni\u00e8re \u00e9dition de l&rsquo;AlterTour, tu es adh\u00e9rent\u00b7e jusqu&rsquo;au 30 juin.<\/p>\n<p>Si tu n&rsquo;as pas particip\u00e9 \u00e0 la derni\u00e8re \u00e9dition de l&rsquo;AlterTour, tu peux adh\u00e9rer pour soutenir le projet et participer aux r\u00e9unions d&rsquo;organisation de l&rsquo;AlterTour et autres \u00e9v\u00e8nements de l&rsquo;association :<\/p>\n<p style=\"text-align: center;\"><strong><a href=\"https:\/\/inscriptions.altercampagne.net\">Adh\u00e9rer \u00e0 l&rsquo;association<\/a><\/strong><\/p>\n<\/div><\/div><\/div><div id=\"\" class=\"x-container max width\" style=\"margin: 20px auto 0px;padding: 0px;\" ><div id=\"bloque-texte\" class=\"x-column x-sm x-1-1\" style=\"padding: 0 5% 5%; background-color:hsla(0, 0%, 100%, 0.92);\" ><div id=\"\" class=\"x-text\" style=\"\" ><h3 id=\"sengager-organisation\">Je participe \u00e0 l&rsquo;organisation de l&rsquo;AlterTour<\/h3>\n<p>Je souhaite prendre part \u00e0 l&rsquo;organisation de l&rsquo;AlterTour pendant l&rsquo;ann\u00e9e. Je suis inform\u00e9 des WE de pr\u00e9paration et des projets en cours. \u00a0Je peux m&rsquo;investir dans la pr\u00e9paration d&rsquo;\u00e9tape, la communication, la logistique du tour mais aussi la r\u00e9paration v\u00e9lo, les r\u00e9flexions militantes.<\/p>\n<\/div><a  class=\"x-btn x-btn-mini\"  href=\"https:\/\/framalistes.org\/sympa\/subscribe\/orga-altertour\"  target=\"_blank\" rel=\"noopener noreferrer\"   data-options=\"thumbnail: ''\">Je m&rsquo;abonne \u00e0 la liste orga<\/a><\/div><\/div><\/div><\/div>\n","protected":false},"excerpt":{"rendered":"","protected":false},"author":247,"featured_media":0,"parent":9734,"menu_order":2,"comment_status":"closed","ping_status":"closed","template":"template-blank-4.php","meta":{"footnotes":""},"class_list":["post-13622","page","type-page","status-publish","hentry","no-post-thumbnail"],"yoast_head":"<!-- This site is optimized with the Yoast SEO plugin v27.3 - https:\/\/yoast.com\/product\/yoast-seo-wordpress\/ -->\n<title>Je m&#039;engage - AlterTour<\/title>\n<meta name=\"robots\" content=\"index, follow, max-snippet:-1, max-image-preview:large, max-video-preview:-1\" \/>\n<link rel=\"canonical\" href=\"https:\/\/www.altercampagne.net\/?page_id=13622\" \/>\n<meta property=\"og:locale\" content=\"fr_FR\" \/>\n<meta property=\"og:type\" content=\"article\" \/>\n<meta property=\"og:title\" content=\"Je m&#039;engage - AlterTour\" \/>\n<meta property=\"og:url\" content=\"https:\/\/www.altercampagne.net\/?page_id=13622\" \/>\n<meta property=\"og:site_name\" content=\"AlterTour\" \/>\n<meta property=\"article:modified_time\" content=\"2025-05-02T18:00:47+00:00\" \/>\n<meta property=\"og:image\" content=\"https:\/\/www.altercampagne.net\/wp-content\/uploads\/2025\/05\/AT24_Affiche_A3_Bandeau-Blanc-724x1024.png\" \/>\n\t<meta property=\"og:image:width\" content=\"724\" \/>\n\t<meta property=\"og:image:height\" content=\"1024\" \/>\n\t<meta property=\"og:image:type\" content=\"image\/png\" \/>\n<meta name=\"twitter:card\" content=\"summary_large_image\" \/>\n<meta name=\"twitter:label1\" content=\"Dur\u00e9e de lecture estim\u00e9e\" \/>\n\t<meta name=\"twitter:data1\" content=\"3 minutes\" \/>\n<script type=\"application\/ld+json\" class=\"yoast-schema-graph\">{\"@context\":\"https:\\\/\\\/schema.org\",\"@graph\":[{\"@type\":\"WebPage\",\"@id\":\"https:\\\/\\\/www.altercampagne.net\\\/?page_id=13622\",\"url\":\"https:\\\/\\\/www.altercampagne.net\\\/?page_id=13622\",\"name\":\"Je m'engage - AlterTour\",\"isPartOf\":{\"@id\":\"https:\\\/\\\/www.altercampagne.net\\\/#website\"},\"primaryImageOfPage\":{\"@id\":\"https:\\\/\\\/www.altercampagne.net\\\/?page_id=13622#primaryimage\"},\"image\":{\"@id\":\"https:\\\/\\\/www.altercampagne.net\\\/?page_id=13622#primaryimage\"},\"thumbnailUrl\":\"https:\\\/\\\/www.altercampagne.net\\\/wp-content\\\/uploads\\\/2025\\\/05\\\/AT24_Affiche_A3_Bandeau-Blanc-212x300.png\",\"datePublished\":\"2019-04-25T21:20:05+00:00\",\"dateModified\":\"2025-05-02T18:00:47+00:00\",\"breadcrumb\":{\"@id\":\"https:\\\/\\\/www.altercampagne.net\\\/?page_id=13622#breadcrumb\"},\"inLanguage\":\"fr-FR\",\"potentialAction\":[{\"@type\":\"ReadAction\",\"target\":[\"https:\\\/\\\/www.altercampagne.net\\\/?page_id=13622\"]}]},{\"@type\":\"ImageObject\",\"inLanguage\":\"fr-FR\",\"@id\":\"https:\\\/\\\/www.altercampagne.net\\\/?page_id=13622#primaryimage\",\"url\":\"https:\\\/\\\/www.altercampagne.net\\\/wp-content\\\/uploads\\\/2025\\\/05\\\/AT24_Affiche_A3_Bandeau-Blanc.png\",\"contentUrl\":\"https:\\\/\\\/www.altercampagne.net\\\/wp-content\\\/uploads\\\/2025\\\/05\\\/AT24_Affiche_A3_Bandeau-Blanc.png\",\"width\":3508,\"height\":4961},{\"@type\":\"BreadcrumbList\",\"@id\":\"https:\\\/\\\/www.altercampagne.net\\\/?page_id=13622#breadcrumb\",\"itemListElement\":[{\"@type\":\"ListItem\",\"position\":1,\"name\":\"Accueil\",\"item\":\"https:\\\/\\\/www.altercampagne.net\\\/\"},{\"@type\":\"ListItem\",\"position\":2,\"name\":\"S&rsquo;engager\",\"item\":\"https:\\\/\\\/www.altercampagne.net\\\/?page_id=9734\"},{\"@type\":\"ListItem\",\"position\":3,\"name\":\"Je m&rsquo;engage\"}]},{\"@type\":\"WebSite\",\"@id\":\"https:\\\/\\\/www.altercampagne.net\\\/#website\",\"url\":\"https:\\\/\\\/www.altercampagne.net\\\/\",\"name\":\"AlterTour\",\"description\":\"Reliez les Alternatives \u00e0 v\u00e9lo\",\"potentialAction\":[{\"@type\":\"SearchAction\",\"target\":{\"@type\":\"EntryPoint\",\"urlTemplate\":\"https:\\\/\\\/www.altercampagne.net\\\/?s={search_term_string}\"},\"query-input\":{\"@type\":\"PropertyValueSpecification\",\"valueRequired\":true,\"valueName\":\"search_term_string\"}}],\"inLanguage\":\"fr-FR\"}]}<\/script>\n<!-- \/ Yoast SEO plugin. -->","yoast_head_json":{"title":"Je m'engage - AlterTour","robots":{"index":"index","follow":"follow","max-snippet":"max-snippet:-1","max-image-preview":"max-image-preview:large","max-video-preview":"max-video-preview:-1"},"canonical":"https:\/\/www.altercampagne.net\/?page_id=13622","og_locale":"fr_FR","og_type":"article","og_title":"Je m'engage - AlterTour","og_url":"https:\/\/www.altercampagne.net\/?page_id=13622","og_site_name":"AlterTour","article_modified_time":"2025-05-02T18:00:47+00:00","og_image":[{"width":724,"height":1024,"url":"https:\/\/www.altercampagne.net\/wp-content\/uploads\/2025\/05\/AT24_Affiche_A3_Bandeau-Blanc-724x1024.png","type":"image\/png"}],"twitter_card":"summary_large_image","twitter_misc":{"Dur\u00e9e de lecture estim\u00e9e":"3 minutes"},"schema":{"@context":"https:\/\/schema.org","@graph":[{"@type":"WebPage","@id":"https:\/\/www.altercampagne.net\/?page_id=13622","url":"https:\/\/www.altercampagne.net\/?page_id=13622","name":"Je m'engage - AlterTour","isPartOf":{"@id":"https:\/\/www.altercampagne.net\/#website"},"primaryImageOfPage":{"@id":"https:\/\/www.altercampagne.net\/?page_id=13622#primaryimage"},"image":{"@id":"https:\/\/www.altercampagne.net\/?page_id=13622#primaryimage"},"thumbnailUrl":"https:\/\/www.altercampagne.net\/wp-content\/uploads\/2025\/05\/AT24_Affiche_A3_Bandeau-Blanc-212x300.png","datePublished":"2019-04-25T21:20:05+00:00","dateModified":"2025-05-02T18:00:47+00:00","breadcrumb":{"@id":"https:\/\/www.altercampagne.net\/?page_id=13622#breadcrumb"},"inLanguage":"fr-FR","potentialAction":[{"@type":"ReadAction","target":["https:\/\/www.altercampagne.net\/?page_id=13622"]}]},{"@type":"ImageObject","inLanguage":"fr-FR","@id":"https:\/\/www.altercampagne.net\/?page_id=13622#primaryimage","url":"https:\/\/www.altercampagne.net\/wp-content\/uploads\/2025\/05\/AT24_Affiche_A3_Bandeau-Blanc.png","contentUrl":"https:\/\/www.altercampagne.net\/wp-content\/uploads\/2025\/05\/AT24_Affiche_A3_Bandeau-Blanc.png","width":3508,"height":4961},{"@type":"BreadcrumbList","@id":"https:\/\/www.altercampagne.net\/?page_id=13622#breadcrumb","itemListElement":[{"@type":"ListItem","position":1,"name":"Accueil","item":"https:\/\/www.altercampagne.net\/"},{"@type":"ListItem","position":2,"name":"S&rsquo;engager","item":"https:\/\/www.altercampagne.net\/?page_id=9734"},{"@type":"ListItem","position":3,"name":"Je m&rsquo;engage"}]},{"@type":"WebSite","@id":"https:\/\/www.altercampagne.net\/#website","url":"https:\/\/www.altercampagne.net\/","name":"AlterTour","description":"Reliez les Alternatives \u00e0 v\u00e9lo","potentialAction":[{"@type":"SearchAction","target":{"@type":"EntryPoint","urlTemplate":"https:\/\/www.altercampagne.net\/?s={search_term_string}"},"query-input":{"@type":"PropertyValueSpecification","valueRequired":true,"valueName":"search_term_string"}}],"inLanguage":"fr-FR"}]}},"_links":{"self":[{"href":"https:\/\/www.altercampagne.net\/index.php?rest_route=\/wp\/v2\/pages\/13622","targetHints":{"allow":["GET"]}}],"collection":[{"href":"https:\/\/www.altercampagne.net\/index.php?rest_route=\/wp\/v2\/pages"}],"about":[{"href":"https:\/\/www.altercampagne.net\/index.php?rest_route=\/wp\/v2\/types\/page"}],"author":[{"embeddable":true,"href":"https:\/\/www.altercampagne.net\/index.php?rest_route=\/wp\/v2\/users\/247"}],"replies":[{"embeddable":true,"href":"https:\/\/www.altercampagne.net\/index.php?rest_route=%2Fwp%2Fv2%2Fcomments&post=13622"}],"version-history":[{"count":24,"href":"https:\/\/www.altercampagne.net\/index.php?rest_route=\/wp\/v2\/pages\/13622\/revisions"}],"predecessor-version":[{"id":28993,"href":"https:\/\/www.altercampagne.net\/index.php?rest_route=\/wp\/v2\/pages\/13622\/revisions\/28993"}],"up":[{"embeddable":true,"href":"https:\/\/www.altercampagne.net\/index.php?rest_route=\/wp\/v2\/pages\/9734"}],"wp:attachment":[{"href":"https:\/\/www.altercampagne.net\/index.php?rest_route=%2Fwp%2Fv2%2Fmedia&parent=13622"}],"curies":[{"name":"wp","href":"https:\/\/api.w.org\/{rel}","templated":true}]}}