{"id":13626,"date":"2019-04-25T23:28:21","date_gmt":"2019-04-25T21:28:21","guid":{"rendered":"http:\/\/www.altercampagne.net\/?page_id=13626"},"modified":"2025-05-02T20:13:46","modified_gmt":"2025-05-02T18:13:46","slug":"je-soutiens","status":"publish","type":"page","link":"https:\/\/www.altercampagne.net\/?page_id=13626","title":{"rendered":"Je soutiens"},"content":{"rendered":"<div id=\"cs-content\" class=\"cs-content\"><div id=\"x-section-1\" class=\"x-section bg-image\" style=\"margin: 0px;padding: 280px 0px; background-image: url(http:\/\/www.altercampagne.net\/wp-content\/uploads\/2018\/03\/altertour-engager.jpg); background-color: transparent;\" data-x-element=\"section\" data-x-params=\"{&quot;type&quot;:&quot;image&quot;,&quot;parallax&quot;:false}\"><div id=\"\" class=\"x-container max width\" style=\"margin: 0px auto;padding: 0px;\" ><div  class=\"x-column x-sm x-1-1\" style=\"padding: 0px;\" >&nbsp;<\/div><\/div><\/div><div id=\"x-section-2\" class=\"x-section bg-image\" style=\"margin: 0px;padding: 45px 0px; background-image: url(http:\/\/www.altercampagne.net\/wp-content\/uploads\/2018\/02\/bg-altertour-copie.jpg); background-color: hsl(0, 0%, 100%);\" data-x-element=\"section\" data-x-params=\"{&quot;type&quot;:&quot;image&quot;,&quot;parallax&quot;:false}\"><div id=\"\" class=\"x-container max width\" style=\"margin: -190px auto 0px;padding: 0px;\" ><div id=\"bloque-texte\" class=\"x-column x-sm x-1-1\" style=\"padding: 0 5% 5%; background-color:hsla(0, 0%, 100%, 0.92);\" ><div id=\"\" class=\"x-text\" style=\"\" ><h2 style=\"text-align: center;\">Je soutiens<\/h2>\n<h3>Je fais un don pour l&rsquo;AlterTour<\/h3>\n<p style=\"margin-top: 2em; text-align: justify;\">Soutenir financi\u00e8rement l&rsquo;AlterTour c&rsquo;est nous permettre de continuer \u00e0 proposer <strong>un tour accessible<\/strong> au plus grand nombre et dans les meilleures conditions. <strong>Un don r\u00e9gulier<\/strong>, m\u00eame modeste, nous permet <strong>de nous projeter<\/strong> plus facilement et d&rsquo;envisager sereinement l&rsquo;avenir de notre association.<\/p>\n<p style=\"margin-top: 2em; text-align: justify;\">Notre association d\u00e9pend exclusivement de ses ressources propres. Renforcer notre auto-financement c&rsquo;est garantir <strong>l&rsquo;ind\u00e9pendance, la p\u00e9rennit\u00e9 et le d\u00e9veloppement<\/strong> de nos projets. Votre aide est pr\u00e9cieuse, d&rsquo;avance <strong>merci !<\/strong><a href=\"https:\/\/www.helloasso.com\/associations\/altercampagne\/formulaires\/1\"><strong><\/strong><\/a><\/p>\n<\/div><a  class=\"x-btn x-btn-regular\"  href=\"https:\/\/www.helloasso.com\/associations\/altercampagne\/formulaires\/1\"  target=\"_blank\" rel=\"noopener noreferrer\"   data-options=\"thumbnail: ''\">Faire \u00e0 don \u00e0 l&rsquo;association Altercampagne<\/a><\/div><\/div><\/div><\/div>\n","protected":false},"excerpt":{"rendered":"","protected":false},"author":247,"featured_media":0,"parent":9734,"menu_order":3,"comment_status":"closed","ping_status":"closed","template":"template-blank-4.php","meta":{"footnotes":""},"class_list":["post-13626","page","type-page","status-publish","hentry","no-post-thumbnail"],"yoast_head":"<!-- This site is optimized with the Yoast SEO plugin v27.3 - https:\/\/yoast.com\/product\/yoast-seo-wordpress\/ -->\n<title>Je soutiens - AlterTour<\/title>\n<meta name=\"robots\" content=\"index, follow, max-snippet:-1, max-image-preview:large, max-video-preview:-1\" \/>\n<link rel=\"canonical\" href=\"https:\/\/www.altercampagne.net\/?page_id=13626\" \/>\n<meta property=\"og:locale\" content=\"fr_FR\" \/>\n<meta property=\"og:type\" content=\"article\" \/>\n<meta property=\"og:title\" content=\"Je soutiens - AlterTour\" \/>\n<meta property=\"og:url\" content=\"https:\/\/www.altercampagne.net\/?page_id=13626\" \/>\n<meta property=\"og:site_name\" content=\"AlterTour\" \/>\n<meta property=\"article:modified_time\" content=\"2025-05-02T18:13:46+00:00\" \/>\n<meta name=\"twitter:card\" content=\"summary_large_image\" \/>\n<meta name=\"twitter:label1\" content=\"Dur\u00e9e de lecture estim\u00e9e\" \/>\n\t<meta name=\"twitter:data1\" content=\"2 minutes\" \/>\n<script type=\"application\/ld+json\" class=\"yoast-schema-graph\">{\"@context\":\"https:\\\/\\\/schema.org\",\"@graph\":[{\"@type\":\"WebPage\",\"@id\":\"https:\\\/\\\/www.altercampagne.net\\\/?page_id=13626\",\"url\":\"https:\\\/\\\/www.altercampagne.net\\\/?page_id=13626\",\"name\":\"Je soutiens - AlterTour\",\"isPartOf\":{\"@id\":\"https:\\\/\\\/www.altercampagne.net\\\/#website\"},\"datePublished\":\"2019-04-25T21:28:21+00:00\",\"dateModified\":\"2025-05-02T18:13:46+00:00\",\"breadcrumb\":{\"@id\":\"https:\\\/\\\/www.altercampagne.net\\\/?page_id=13626#breadcrumb\"},\"inLanguage\":\"fr-FR\",\"potentialAction\":[{\"@type\":\"ReadAction\",\"target\":[\"https:\\\/\\\/www.altercampagne.net\\\/?page_id=13626\"]}]},{\"@type\":\"BreadcrumbList\",\"@id\":\"https:\\\/\\\/www.altercampagne.net\\\/?page_id=13626#breadcrumb\",\"itemListElement\":[{\"@type\":\"ListItem\",\"position\":1,\"name\":\"Accueil\",\"item\":\"https:\\\/\\\/www.altercampagne.net\\\/\"},{\"@type\":\"ListItem\",\"position\":2,\"name\":\"S&rsquo;engager\",\"item\":\"https:\\\/\\\/www.altercampagne.net\\\/?page_id=9734\"},{\"@type\":\"ListItem\",\"position\":3,\"name\":\"Je soutiens\"}]},{\"@type\":\"WebSite\",\"@id\":\"https:\\\/\\\/www.altercampagne.net\\\/#website\",\"url\":\"https:\\\/\\\/www.altercampagne.net\\\/\",\"name\":\"AlterTour\",\"description\":\"Reliez les Alternatives \u00e0 v\u00e9lo\",\"potentialAction\":[{\"@type\":\"SearchAction\",\"target\":{\"@type\":\"EntryPoint\",\"urlTemplate\":\"https:\\\/\\\/www.altercampagne.net\\\/?s={search_term_string}\"},\"query-input\":{\"@type\":\"PropertyValueSpecification\",\"valueRequired\":true,\"valueName\":\"search_term_string\"}}],\"inLanguage\":\"fr-FR\"}]}<\/script>\n<!-- \/ Yoast SEO plugin. -->","yoast_head_json":{"title":"Je soutiens - AlterTour","robots":{"index":"index","follow":"follow","max-snippet":"max-snippet:-1","max-image-preview":"max-image-preview:large","max-video-preview":"max-video-preview:-1"},"canonical":"https:\/\/www.altercampagne.net\/?page_id=13626","og_locale":"fr_FR","og_type":"article","og_title":"Je soutiens - AlterTour","og_url":"https:\/\/www.altercampagne.net\/?page_id=13626","og_site_name":"AlterTour","article_modified_time":"2025-05-02T18:13:46+00:00","twitter_card":"summary_large_image","twitter_misc":{"Dur\u00e9e de lecture estim\u00e9e":"2 minutes"},"schema":{"@context":"https:\/\/schema.org","@graph":[{"@type":"WebPage","@id":"https:\/\/www.altercampagne.net\/?page_id=13626","url":"https:\/\/www.altercampagne.net\/?page_id=13626","name":"Je soutiens - AlterTour","isPartOf":{"@id":"https:\/\/www.altercampagne.net\/#website"},"datePublished":"2019-04-25T21:28:21+00:00","dateModified":"2025-05-02T18:13:46+00:00","breadcrumb":{"@id":"https:\/\/www.altercampagne.net\/?page_id=13626#breadcrumb"},"inLanguage":"fr-FR","potentialAction":[{"@type":"ReadAction","target":["https:\/\/www.altercampagne.net\/?page_id=13626"]}]},{"@type":"BreadcrumbList","@id":"https:\/\/www.altercampagne.net\/?page_id=13626#breadcrumb","itemListElement":[{"@type":"ListItem","position":1,"name":"Accueil","item":"https:\/\/www.altercampagne.net\/"},{"@type":"ListItem","position":2,"name":"S&rsquo;engager","item":"https:\/\/www.altercampagne.net\/?page_id=9734"},{"@type":"ListItem","position":3,"name":"Je soutiens"}]},{"@type":"WebSite","@id":"https:\/\/www.altercampagne.net\/#website","url":"https:\/\/www.altercampagne.net\/","name":"AlterTour","description":"Reliez les Alternatives \u00e0 v\u00e9lo","potentialAction":[{"@type":"SearchAction","target":{"@type":"EntryPoint","urlTemplate":"https:\/\/www.altercampagne.net\/?s={search_term_string}"},"query-input":{"@type":"PropertyValueSpecification","valueRequired":true,"valueName":"search_term_string"}}],"inLanguage":"fr-FR"}]}},"_links":{"self":[{"href":"https:\/\/www.altercampagne.net\/index.php?rest_route=\/wp\/v2\/pages\/13626","targetHints":{"allow":["GET"]}}],"collection":[{"href":"https:\/\/www.altercampagne.net\/index.php?rest_route=\/wp\/v2\/pages"}],"about":[{"href":"https:\/\/www.altercampagne.net\/index.php?rest_route=\/wp\/v2\/types\/page"}],"author":[{"embeddable":true,"href":"https:\/\/www.altercampagne.net\/index.php?rest_route=\/wp\/v2\/users\/247"}],"replies":[{"embeddable":true,"href":"https:\/\/www.altercampagne.net\/index.php?rest_route=%2Fwp%2Fv2%2Fcomments&post=13626"}],"version-history":[{"count":8,"href":"https:\/\/www.altercampagne.net\/index.php?rest_route=\/wp\/v2\/pages\/13626\/revisions"}],"predecessor-version":[{"id":28998,"href":"https:\/\/www.altercampagne.net\/index.php?rest_route=\/wp\/v2\/pages\/13626\/revisions\/28998"}],"up":[{"embeddable":true,"href":"https:\/\/www.altercampagne.net\/index.php?rest_route=\/wp\/v2\/pages\/9734"}],"wp:attachment":[{"href":"https:\/\/www.altercampagne.net\/index.php?rest_route=%2Fwp%2Fv2%2Fmedia&parent=13626"}],"curies":[{"name":"wp","href":"https:\/\/api.w.org\/{rel}","templated":true}]}}