{"id":9243,"date":"2018-02-22T15:14:54","date_gmt":"2018-02-22T14:14:54","guid":{"rendered":"http:\/\/www.altercampagne.net\/?page_id=9243"},"modified":"2018-02-22T15:18:47","modified_gmt":"2018-02-22T14:18:47","slug":"photos-2016","status":"publish","type":"page","link":"https:\/\/www.altercampagne.net\/?page_id=9243","title":{"rendered":"Photos 2016"},"content":{"rendered":"<p>Photos de <a href=\"https:\/\/goo.gl\/photos\/jubyHJ9hFeHSHdGy9\" target=\"_blank\" rel=\"noopener\">Notre-Dame-des-Landes \u00e0\u00a0M\u00e9ral &#8211; Du 10 au 13 juillet 2016<\/a><\/p>\n<p>Photos de <a href=\"https:\/\/goo.gl\/photos\/SsEtLq2ocNrBoxJw6\" target=\"_blank\" rel=\"noopener\">Saint-Pern \u00e0\u00a0Pleumeur-Bodou &#8211; Du 19 au 24 juillet<\/a><\/p>\n<p>Photos de\u00a0<a href=\"https:\/\/goo.gl\/photos\/fe2LajzRizpVKgXT6\" target=\"_blank\" rel=\"noopener\">Pleumeur-Bodou \u00e0\u00a0Concarneau &#8211; Du 25 au 30 juillet<\/a><\/p>\n<p>Photos de <a href=\"https:\/\/goo.gl\/photos\/FUGNfa5Ge6p6vCcK6\" target=\"_blank\" rel=\"noopener\">Plomeur \u00e0 Pl\u00e9vin &#8211; Du 1er au 7 ao\u00fbt<\/a><\/p>\n<p>Photos de <a href=\"https:\/\/goo.gl\/photos\/FyiUqaMKrjEnn6Py9\" target=\"_blank\" rel=\"noopener\">Pl\u00e9vin \u00e0 Arradon &#8211; Du 8 au 14 ao\u00fbt<\/a><\/p>\n<p>Photos de <a href=\"https:\/\/goo.gl\/photos\/MAqceN1wPPNYZzZL9\" target=\"_blank\" rel=\"noopener\">Arradon \u00e0 Rennes &#8211; Du 15 au 21 ao\u00fbt<\/a><\/p>\n<h4 style=\"text-align: left;\">Photos des Altercyclistes 2016<\/h4>\n<p>Photos de J\u00e9r\u00f4me : <a href=\"https:\/\/goo.gl\/photos\/2ojE6qrvAZeuFpu79\" target=\"_blank\" rel=\"noopener\">de Notre-Dame-des-Landes \u00e0 Montflours &#8211; Du 9 au 15 juillet et de Augan\u00a0 \u00e0 Rennes &#8211; Du 16 au 19 ao\u00fbt 2016<\/a><\/p>\n<p>Photos de Marine : <a href=\"https:\/\/picasaweb.google.com\/112643592344148249303\/6312855555785717745?authuser=0&amp;feat=directlink\" target=\"_blank\" rel=\"noopener\">de Notre-Dame-des-Landes \u00e0 Saint-Pern &#8211; Du 10 au 20 juillet 2016<\/a><\/p>\n<p>Photos de Christophe : <a href=\"https:\/\/picasaweb.google.com\/112643592344148249303\/6312759435605733889?authuser=0&amp;feat=directlink\" target=\"_blank\" rel=\"noopener\">de M\u00e9ral \u00e0 Landebe\u00e4ron &#8211; Du 14 au 23 juillet 2016<\/a><\/p>\n<p>Photos de Luc : <a href=\"https:\/\/picasaweb.google.com\/112643592344148249303\/6312761966601857585?authuser=0&amp;feat=directlink\" target=\"_blank\" rel=\"noopener\">de M\u00e9ral \u00e0 Loc Envel &#8211; du 14 au 26 juillet 2016<\/a><\/p>\n<p>Photos de Guillaume G : <a href=\"https:\/\/goo.gl\/photos\/tVgwBoSuarYJWWSZ6\" target=\"_blank\" rel=\"noopener\">de Saint-Brieuc \u00e0 Querrien &#8211; de 23 au 28 juillet 2016<\/a><\/p>\n<p>Photos d&rsquo;Adrien : <a href=\"https:\/\/goo.gl\/photos\/JaA92G5zsZLHJ92Z8\" target=\"_blank\" rel=\"noopener\">de Pleumeur-Bodou \u00e0 Quemeneven &#8211; du 26 juillet au 1er ao\u00fbt 2016<\/a><\/p>\n<p>Photos de Baptiste : <a href=\"https:\/\/goo.gl\/photos\/5MKzrxmuP4ynptBVA\" target=\"_blank\" rel=\"noopener\">de Querrien \u00e0 Rennes &#8211; Du 28 juillet au 21 ao\u00fbt 2016<\/a><\/p>\n<p>Photos d\u2019\u00c9milie : <a href=\"https:\/\/goo.gl\/photos\/vQhTnQeoMED28yjX8\" target=\"_blank\" rel=\"noopener\">de\u00a0Concarneau \u00e0 Pl\u00e9vin &#8211; Du 30 juillet au 7 ao\u00fbt 2016<\/a><\/p>\n<p>Photos de C\u00e9line : <a href=\"https:\/\/goo.gl\/photos\/xQx4dgYw6z9vsEzU8\" target=\"_blank\" rel=\"noopener\">de Concarneau \u00e0 Pl\u00e9lauff &#8211; Du 31 juillet au 8 ao\u00fbt 2016<\/a><\/p>\n<p>Photos de Marie : <a href=\"https:\/\/goo.gl\/photos\/7QM2Pkrv6eM57v75A\" target=\"_blank\" rel=\"noopener\">de Concarneau \u00e0 Silfiac &#8211; Du 31 juillet au 9 ao\u00fbt 2016<\/a><\/p>\n<p>Photos de L\u00e9a : <a href=\"https:\/\/goo.gl\/photos\/bKy9mL7721vQvK2n6\" target=\"_blank\" rel=\"noopener\">de Plomeur \u00e0 Pl\u00e9vin &#8211; Du 1er au 6 ao\u00fbt 2016<\/a><\/p>\n<p>Photos de Manu : <a href=\"https:\/\/goo.gl\/photos\/v8N9KHKU8EujwYqz7\" target=\"_blank\" rel=\"noopener\">de Logonna-Daoulas \u00e0 Lorient &#8211; Du 4 au 12 ao\u00fbt<\/a><\/p>\n<p>Photos de Dominique : <a href=\"https:\/\/goo.gl\/photos\/2TRVm26AYMQJjSut9\" target=\"_blank\" rel=\"noopener\">de\u00a0Logonna-Daoulas \u00e0 Rennes &#8211; Du 4 au 21 ao\u00fbt 2016<\/a><\/p>\n<p>Photos de S\u00e9bastien : <a href=\"https:\/\/goo.gl\/photos\/w5Dv6Crbh8os9tXt8\" target=\"_blank\" rel=\"noopener\">du Augan \u00e0 Rennes &#8211; Du 17 au 21 ao\u00fbt 2016<\/a><\/p>\n","protected":false},"excerpt":{"rendered":"<p>Photos de Notre-Dame-des-Landes \u00e0\u00a0M\u00e9ral &#8211; Du 10 au 13 juillet 2016 Photos de Saint-Pern \u00e0\u00a0Pleumeur-Bodou &#8211; Du 19 au 24 juillet Photos de\u00a0Pleumeur-Bodou \u00e0\u00a0Concarneau &#8211; Du 25 au 30 juillet Photos de Plomeur \u00e0 Pl\u00e9vin &#8211; Du 1er au 7 ao\u00fbt Photos de Pl\u00e9vin \u00e0 Arradon &#8211; Du 8 au &#8230; <\/p>\n<div><a href=\"https:\/\/www.altercampagne.net\/?page_id=9243\" class=\"more-link\">Read More<\/a><\/div>\n","protected":false},"author":167,"featured_media":0,"parent":0,"menu_order":0,"comment_status":"closed","ping_status":"closed","template":"","meta":{"footnotes":""},"class_list":["post-9243","page","type-page","status-publish","hentry","no-post-thumbnail"],"yoast_head":"<!-- This site is optimized with the Yoast SEO plugin v27.3 - https:\/\/yoast.com\/product\/yoast-seo-wordpress\/ -->\n<title>Photos 2016 - AlterTour<\/title>\n<meta name=\"robots\" content=\"index, follow, max-snippet:-1, max-image-preview:large, max-video-preview:-1\" \/>\n<link rel=\"canonical\" href=\"https:\/\/www.altercampagne.net\/?page_id=9243\" \/>\n<meta property=\"og:locale\" content=\"fr_FR\" \/>\n<meta property=\"og:type\" content=\"article\" \/>\n<meta property=\"og:title\" content=\"Photos 2016 - AlterTour\" \/>\n<meta property=\"og:description\" content=\"Photos de Notre-Dame-des-Landes \u00e0\u00a0M\u00e9ral &#8211; Du 10 au 13 juillet 2016 Photos de Saint-Pern \u00e0\u00a0Pleumeur-Bodou &#8211; Du 19 au 24 juillet Photos de\u00a0Pleumeur-Bodou \u00e0\u00a0Concarneau &#8211; Du 25 au 30 juillet Photos de Plomeur \u00e0 Pl\u00e9vin &#8211; Du 1er au 7 ao\u00fbt Photos de Pl\u00e9vin \u00e0 Arradon &#8211; Du 8 au ... Read More\" \/>\n<meta property=\"og:url\" content=\"https:\/\/www.altercampagne.net\/?page_id=9243\" \/>\n<meta property=\"og:site_name\" content=\"AlterTour\" \/>\n<meta property=\"article:modified_time\" content=\"2018-02-22T14:18:47+00:00\" \/>\n<meta name=\"twitter:card\" content=\"summary_large_image\" \/>\n<meta name=\"twitter:label1\" content=\"Dur\u00e9e de lecture estim\u00e9e\" \/>\n\t<meta name=\"twitter:data1\" content=\"1 minute\" \/>\n<script type=\"application\/ld+json\" class=\"yoast-schema-graph\">{\"@context\":\"https:\\\/\\\/schema.org\",\"@graph\":[{\"@type\":\"WebPage\",\"@id\":\"https:\\\/\\\/www.altercampagne.net\\\/?page_id=9243\",\"url\":\"https:\\\/\\\/www.altercampagne.net\\\/?page_id=9243\",\"name\":\"Photos 2016 - AlterTour\",\"isPartOf\":{\"@id\":\"https:\\\/\\\/www.altercampagne.net\\\/#website\"},\"datePublished\":\"2018-02-22T14:14:54+00:00\",\"dateModified\":\"2018-02-22T14:18:47+00:00\",\"breadcrumb\":{\"@id\":\"https:\\\/\\\/www.altercampagne.net\\\/?page_id=9243#breadcrumb\"},\"inLanguage\":\"fr-FR\",\"potentialAction\":[{\"@type\":\"ReadAction\",\"target\":[\"https:\\\/\\\/www.altercampagne.net\\\/?page_id=9243\"]}]},{\"@type\":\"BreadcrumbList\",\"@id\":\"https:\\\/\\\/www.altercampagne.net\\\/?page_id=9243#breadcrumb\",\"itemListElement\":[{\"@type\":\"ListItem\",\"position\":1,\"name\":\"Accueil\",\"item\":\"https:\\\/\\\/www.altercampagne.net\\\/\"},{\"@type\":\"ListItem\",\"position\":2,\"name\":\"Photos 2016\"}]},{\"@type\":\"WebSite\",\"@id\":\"https:\\\/\\\/www.altercampagne.net\\\/#website\",\"url\":\"https:\\\/\\\/www.altercampagne.net\\\/\",\"name\":\"AlterTour\",\"description\":\"Reliez les Alternatives \u00e0 v\u00e9lo\",\"potentialAction\":[{\"@type\":\"SearchAction\",\"target\":{\"@type\":\"EntryPoint\",\"urlTemplate\":\"https:\\\/\\\/www.altercampagne.net\\\/?s={search_term_string}\"},\"query-input\":{\"@type\":\"PropertyValueSpecification\",\"valueRequired\":true,\"valueName\":\"search_term_string\"}}],\"inLanguage\":\"fr-FR\"}]}<\/script>\n<!-- \/ Yoast SEO plugin. -->","yoast_head_json":{"title":"Photos 2016 - AlterTour","robots":{"index":"index","follow":"follow","max-snippet":"max-snippet:-1","max-image-preview":"max-image-preview:large","max-video-preview":"max-video-preview:-1"},"canonical":"https:\/\/www.altercampagne.net\/?page_id=9243","og_locale":"fr_FR","og_type":"article","og_title":"Photos 2016 - AlterTour","og_description":"Photos de Notre-Dame-des-Landes \u00e0\u00a0M\u00e9ral &#8211; Du 10 au 13 juillet 2016 Photos de Saint-Pern \u00e0\u00a0Pleumeur-Bodou &#8211; Du 19 au 24 juillet Photos de\u00a0Pleumeur-Bodou \u00e0\u00a0Concarneau &#8211; Du 25 au 30 juillet Photos de Plomeur \u00e0 Pl\u00e9vin &#8211; Du 1er au 7 ao\u00fbt Photos de Pl\u00e9vin \u00e0 Arradon &#8211; Du 8 au ... Read More","og_url":"https:\/\/www.altercampagne.net\/?page_id=9243","og_site_name":"AlterTour","article_modified_time":"2018-02-22T14:18:47+00:00","twitter_card":"summary_large_image","twitter_misc":{"Dur\u00e9e de lecture estim\u00e9e":"1 minute"},"schema":{"@context":"https:\/\/schema.org","@graph":[{"@type":"WebPage","@id":"https:\/\/www.altercampagne.net\/?page_id=9243","url":"https:\/\/www.altercampagne.net\/?page_id=9243","name":"Photos 2016 - AlterTour","isPartOf":{"@id":"https:\/\/www.altercampagne.net\/#website"},"datePublished":"2018-02-22T14:14:54+00:00","dateModified":"2018-02-22T14:18:47+00:00","breadcrumb":{"@id":"https:\/\/www.altercampagne.net\/?page_id=9243#breadcrumb"},"inLanguage":"fr-FR","potentialAction":[{"@type":"ReadAction","target":["https:\/\/www.altercampagne.net\/?page_id=9243"]}]},{"@type":"BreadcrumbList","@id":"https:\/\/www.altercampagne.net\/?page_id=9243#breadcrumb","itemListElement":[{"@type":"ListItem","position":1,"name":"Accueil","item":"https:\/\/www.altercampagne.net\/"},{"@type":"ListItem","position":2,"name":"Photos 2016"}]},{"@type":"WebSite","@id":"https:\/\/www.altercampagne.net\/#website","url":"https:\/\/www.altercampagne.net\/","name":"AlterTour","description":"Reliez les Alternatives \u00e0 v\u00e9lo","potentialAction":[{"@type":"SearchAction","target":{"@type":"EntryPoint","urlTemplate":"https:\/\/www.altercampagne.net\/?s={search_term_string}"},"query-input":{"@type":"PropertyValueSpecification","valueRequired":true,"valueName":"search_term_string"}}],"inLanguage":"fr-FR"}]}},"_links":{"self":[{"href":"https:\/\/www.altercampagne.net\/index.php?rest_route=\/wp\/v2\/pages\/9243","targetHints":{"allow":["GET"]}}],"collection":[{"href":"https:\/\/www.altercampagne.net\/index.php?rest_route=\/wp\/v2\/pages"}],"about":[{"href":"https:\/\/www.altercampagne.net\/index.php?rest_route=\/wp\/v2\/types\/page"}],"author":[{"embeddable":true,"href":"https:\/\/www.altercampagne.net\/index.php?rest_route=\/wp\/v2\/users\/167"}],"replies":[{"embeddable":true,"href":"https:\/\/www.altercampagne.net\/index.php?rest_route=%2Fwp%2Fv2%2Fcomments&post=9243"}],"version-history":[{"count":0,"href":"https:\/\/www.altercampagne.net\/index.php?rest_route=\/wp\/v2\/pages\/9243\/revisions"}],"wp:attachment":[{"href":"https:\/\/www.altercampagne.net\/index.php?rest_route=%2Fwp%2Fv2%2Fmedia&parent=9243"}],"curies":[{"name":"wp","href":"https:\/\/api.w.org\/{rel}","templated":true}]}}